 when 1462 is divided by 98?
90
Calculate the remainder when 641 is divided by 9.
2
Calculate the remainder when 3273 is divided by 42.
39
What is the remainder when 72 is divided by 49?
23
What is the remainder when 307 is divided by 78?
73
What is the remainder when 527 is divided by 63?
23
What is the remainder when 106 is divided by 94?
12
Calculate the remainder when 82 is divided by 10.
2
Calculate the remainder when 83 is divided by 46.
37
Calculate the remainder when 8181 is divided by 372.
369
What is the remainder when 221 is divided by 49?
25
Calculate the remainder when 215 is divided by 38.
25
What is the remainder when 2174 is divided by 17?
15
What is the remainder when 823 is divided by 25?
23
What is the remainder when 289 is divided by 33?
25
What is the remainder when 4664 is divided by 27?
20
What is the remainder when 677 is divided by 10?
7
What is the remainder when 2414 is divided by 11?
5
What is the remainder when 465 is divided by 150?
15
Calculate the remainder when 3901 is divided by 103.
90
Calculate the remainder when 854 is divided by 83.
24
Calculate the remainder when 5 is divided by 3.
2
Calculate the remainder when 18102 is divided by 213.
210
What is the remainder when 404 is divided by 37?
34
Calculate the remainder when 2016 is divided by 653.
57
What is the remainder when 1424 is divided by 19?
18
What is the remainder when 264 is divided by 66?
0
What is the remainder when 215 is divided by 60?
35
Calculate the remainder when 435 is divided by 267.
168
What is the remainder when 104 is divided by 29?
17
Calculate the remainder when 1522 is divided by 25.
22
Calculate the remainder when 17223 is divided by 236.
231
What is the remainder when 1027 is divided by 88?
59
Calculate the remainder when 826 is divided by 81.
16
Calculate the remainder when 90 is divided by 31.
28
Calculate the remainder when 1619 is divided by 65.
59
Calculate the remainder when 327 is divided by 22.
19
What is the remainder when 1079 is divided by 137?
120
What is the remainder when 35 is divided by 12?
11
What is the remainder when 23 is divided by 5?
3
Calculate the remainder when 212 is divided by 72.
68
What is the remainder when 461 is divided by 85?
36
What is the remainder when 322 is divided by 61?
17
What is the remainder when 243 is divided by 61?
60
What is the remainder when 371 is divided by 31?
30
What is the remainder when 629 is divided by 10?
9
Calculate the remainder when 358 is divided by 33.
28
What is the remainder when 8578 is divided by 55?
53
What is the remainder when 8382 is divided by 64?
62
Calculate the remainder when 10130 is divided by 18.
14
What is the remainder when 531 is divided by 19?
18
Calculate the remainder when 66 is divided by 34.
32
Calculate the remainder when 109 is divided by 26.
5
Calculate the remainder when 614 is divided by 56.
54
What is the remainder when 41 is divided by 10?
1
Calculate the remainder when 246 is divided by 14.
8
What is the remainder when 4451 is divided by 73?
71
Calculate the remainder when 214 is divided by 54.
52
Calculate the remainder when 59 is divided by 10.
9
Calculate the remainder when 6 is divided by 3.
0
Calculate the remainder when 289 is divided by 14.
9
Calculate the remainder when 65 is divided by 41.
24
Calculate the remainder when 690 is divided by 44.
30
Calculate the remainder when 617 is divided by 3.
2
What is the remainder when 2500 is divided by 16?
4
What is the remainder when 2168 is divided by 31?
29
Calculate the remainder when 37 is divided by 25.
12
What is the remainder when 950 is divided by 134?
12
Calculate the remainder when 2441 is divided by 222.
221
Calculate the remainder when 505 is divided by 32.
25
Calculate the remainder when 348 is divided by 7.
5
Calculate the remainder when 2159 is divided by 24.
23
Calculate the remainder when 163 is divided by 84.
79
Calculate the remainder when 76 is divided by 49.
27
Calculate the remainder when 3115 is divided by 52.
47
Calculate the remainder when 7887 is divided by 49.
47
Calculate the remainder when 154 is divided by 20.
14
Calculate the remainder when 12855 is divided by 23.
21
What is the remainder when 1706 is divided by 20?
6
What is the remainder when 1390 is divided by 48?
46
What is the remainder when 15243 is divided by 242?
239
Calculate the remainder when 147 is divided by 46.
9
What is the remainder when 3220 is divided by 52?
48
Calculate the remainder when 461 is divided by 14.
13
Calculate the remainder when 546 is divided by 251.
44
Calculate the remainder when 1717 is divided by 94.
25
Calculate the remainder when 44 is divided by 28.
16
What is the remainder when 622 is divided by 90?
82
Calculate the remainder when 673 is divided by 20.
13
Calculate the remainder when 435 is divided by 2.
1
What is the remainder when 154 is divided by 44?
22
Calculate the remainder when 81 is divided by 32.
17
What is the remainder when 1565 is divided by 58?
57
Calculate the remainder when 1098 is divided by 25.
23
What is the remainder when 811 is divided by 227?
130
What is the remainder when 144 is divided by 31?
20
Calculate the remainder when 538 is divided by 524.
14
Calculate the remainder when 382 is divided by 64.
62
What is the remainder when 588 is divided by 5?
3
What is the remainder when 82108 is divided by 85?
83
What is the remainder when 1971 is divided by 25?
21
Calculate the remainder when 2884 is divided by 288.
4
Calculate the remainder when 1751 is divided by 39.
35
Calculate the remainder when 2035 is divided by 255.
250
Calculate the remainder when 376 is divided by 42.
40
What is the remainder when 97 is divided by 17?
12
Calculate the remainder when 96 is divided by 54.
42
Calculate the remainder when 1538 is divided by 27.
26
What is the remainder when 349 is divided by 169?
11
Calculate the remainder when 131 is divided by 4.
3
Calculate the remainder when 135 is divided by 20.
15
What is the remainder when 501 is divided by 28?
25
Calculate the remainder when 249 is divided by 50.
49
Calculate the remainder when 14 is divided by 11.
3
What is the remainder when 146 is divided by 25?
21
What is the remainder when 2841 is divided by 708?
9
What is the remainder when 544 is divided by 8?
0
What is the remainder when 101 is divided by 10?
1
What is the remainder when 3193 is divided by 45?
43
What is the remainder when 43 is divided by 13?
4
Calculate the remainder when 192 is divided by 98.
94
What is the remainder when 101 is divided by 32?
5
Calculate the remainder when 59 is divided by 34.
25
Calculate the remainder when 556 is divided by 184.
4
Calculate the remainder when 337 is divided by 114.
109
What is the remainder when 1528 is divided by 379?
12
What is the remainder when 175 is divided by 37?
27
Calculate the remainder when 269 is divided by 17.
14
Calculate the remainder when 305 is divided by 110.
85
What is the remainder when 367 is divided by 92?
91
Calculate the remainder when 53 is divided by 7.
4
What is the remainder when 6879 is divided by 8?
7
What is the remainder when 14192 is divided by 19?
18
What is the remainder when 972 is divided by 89?
82
What is the remainder when 649 is divided by 320?
9
What is the remainder when 115 is divided by 29?
28
What is the remainder when 5556 is divided by 278?
274
What is the remainder when 83 is divided by 42?
41
Calculate the remainder when 283 is divided by 87.
22
Calculate the remainder when 740 is divided by 77.
47
Calculate the remainder when 208 is divided by 17.
4
What is the remainder when 4994 is divided by 135?
134
What is the remainder when 185 is divided by 2?
1
What is the remainder when 234 is divided by 81?
72
Calculate the remainder when 215 is divided by 26.
7
What is the remainder when 2573 is divided by 117?
116
What is the remainder when 13394 is divided by 174?
170
What is the remainder when 56 is divided by 21?
14
What is the remainder when 637 is divided by 58?
57
Calculate the remainder when 1510 is divided by 168.
166
What is the remainder when 4397 is divided by 170?
147
Calculate the remainder when 26 is divided by 20.
6
What is the remainder when 127 is divided by 34?
25
What is the remainder when 574 is divided by 139?
18
Calculate the remainder wh